?
False
Is 157969 a composite number?
True
Is 185621 prime?
True
Is 4327 composite?
False
Is 58399 a prime number?
False
Is 12143 a prime number?
True
Is 1036093 a composite number?
False
Is 4755527 composite?
True
Is 6143 a prime number?
True
Is 189935 composite?
True
Is 6521 a prime number?
True
Is 1465 composite?
True
Is 1687057 prime?
True
Is 20771 a prime number?
True
Is 2315071 composite?
True
Is 58037 composite?
True
Is 112813 composite?
True
Is 630635 prime?
False
Is 196097 a prime number?
False
Is 159281 composite?
True
Is 23401 a composite number?
True
Is 2176243 composite?
False
Is 5147 composite?
False
Is 494237 prime?
True
Is 70607 a composite number?
False
Is 25013 a composite number?
False
Is 81887 prime?
False
Is 2738545 composite?
True
Is 14281 a prime number?
True
Is 114113 a prime number?
True
Is 1529 prime?
False
Is 1128497 prime?
True
Is 95617 a composite number?
False
Is 1941783 a composite number?
True
Is 566671 a composite number?
True
Is 111029 a prime number?
True
Is 398813 a composite number?
False
Is 175039 a composite number?
False
Is 556501 composite?
True
Is 119489 prime?
True
Is 57047 a prime number?
True
Is 123086 prime?
False
Is 3981 composite?
True
Is 234539 a composite number?
False
Is 370699 a prime number?
False
Is 15859 a composite number?
False
Is 130579 a prime number?
True
Is 66319 prime?
False
Is 59291 a prime number?
False
Is 11099 composite?
True
Is 1067 a prime number?
False
Is 32881 a composite number?
True
Is 6319 a prime number?
False
Is 111029 a composite number?
False
Is 296767 a prime number?
True
Is 6599 composite?
False
Is 38351 prime?
True
Is 17729 composite?
False
Is 231243 a composite number?
True
Is 179161 composite?
False
Is 3385223 composite?
False
Is 1541931 prime?
False
Is 159781 composite?
True
Is 2179 a prime number?
True
Is 90313 a composite number?
False
Is 134033 composite?
False
Is 1166105 a prime number?
False
Is 2831 a composite number?
True
Is 688219 composite?
True
Is 116351 composite?
False
Is 8929 prime?
True
Is 21439 prime?
False
Is 33287 a prime number?
True
Is 1277011 prime?
True
Is 24637 composite?
True
Is 5921 a composite number?
True
Is 1119754 prime?
False
Is 9853 prime?
False
Is 124633 a composite number?
False
Is 411241 a prime number?
True
Is 453711 prime?
False
Is 10453 a composite number?
False
Is 85133 a prime number?
True
Is 32647 composite?
False
Is 3737 prime?
False
Is 136361 a prime number?
True
Is 365201 a prime number?
True
Is 28261 a prime number?
False
Is 14813 composite?
False
Is 36973 a prime number?
True
Is 1066235 a prime number?
False
Is 10589 composite?
False
Is 373859 prime?
True
Is 1734463 a composite number?
False
Is 170201 prime?
False
Is 37385 composite?
True
Is 2203 prime?
True
Is 5585 composite?
True
Is 278311 a prime number?
False
Is 83 a composite number?
False
Is 62669 a composite number?
True
Is 761 prime?
True
Is 340201 a prime number?
True
Is 134187 a prime number?
False
Is 26557 prime?
True
Is 3019 a composite number?
False
Is 509263 a composite number?
False
Is 5911 prime?
False
Is 14743 prime?
False
Is 420083 prime?
False
Is 202 a composite number?
True
Is 15681 composite?
True
Is 58511 a prime number?
True
Is 1681 prime?
False
Is 35023 a composite number?
False
Is 16645 a prime number?
False
Is 497 a prime number?
False
Is 21961 prime?
True
Is 72589 a prime number?
False
Is 8623 a composite number?
False
Is 19841 composite?
False
Is 174139 prime?
False
Is 156089 prime?
True
Is 4493 a composite number?
False
Is 9923 composite?
False
Is 959271 a prime number?
False
Is 35027 a prime number?
True
Is 227989 a composite number?
False
Is 15907 composite?
False
Is 25111 composite?
False
Is 1817 prime?
False
Is 683 a composite number?
False
Is 2461669 composite?
True
Is 48947 a prime number?
True
Is 28019 prime?
True
Is 142313 a composite number?
True
Is 16477 a composite number?
False
Is 578777 a prime number?
True
Is 41119 a prime number?
False
Is 155501 composite?
False
Is 95597 prime?
True
Is 587927 prime?
True
Is 87833 composite?
False
Is 1039 a prime number?
True
Is 1480123 prime?
False
Is 72859 prime?
True
Is 14621 prime?
True
Is 41471 composite?
True
Is 1415929 a prime number?
True
Is 176811 a composite number?
True
Is 13291 a prime number?
True
Is 85099 a prime number?
False
Is 69074 composite?
True
Is 7003 a prime number?
False
Is 8501 a prime number?
True
Is 537919 composite?
False
Is 33869 prime?
False
Is 10589 a composite number?
False
Is 16811 prime?
True
Is 46955 prime?
False
Is 3173 a composite number?
True
Is 64671 a composite number?
True
Is 4319 a composite number?
True
Is 732997 a prime number?
True
Is 29243 a prime number?
True
Is 2452209 a composite number?
True
Is 7621 prime?
True
Is 797611 a composite number?
False
Is 1937909 a prime number?
False
Is 175463 composite?
False
Is 167707 composite?
True
Is 224313 a prime number?
False
Is 347179 a composite number?
True
Is 285771 a composite number?
True
Is 3761 a composite number?
False
Is 5471 prime?
True
Is 254 composite?
True
Is 32603 prime?
True
Is 1110103 composite?
False
Is 32539 prime?
False
Is 437 a composite number?
True
Is 27179 a prime number?
True
Is 18686 a prime number?
False
Is 35357 a prime number?
False
Is 709 composite?
False
Is 1030411 composite?
False
Is 1817 composite?
True
Is 39671 a composite number?
False
Is 939823 a composite number?
False
Is 210481 a prime number?
True
Is 831769 prime?
True
Is 17669 composite?
False
Is 63937 a prime number?
False
Is 53267 a prime number?
True
Is 648433 a composite number?
False
Is 219419 a composite number?
True
Is 4189 prime?
False
Is 55565 a prime number?
False
Is 1355 a prime number?
False
Is 3732647 a prime number?
False
Is 104477 a prime number?
False
Is 32203 a composite number?
False
Is 10063 a composite number?
True
Is 6857 a prime number?
True
Is 51873 prime?
False
Is 8371 a prime number?
False
Is 402197 a prime number?
True
Is 36965 composite?
True
Is 150313 a composite number?
True
Is 172001 a prime number?
True
Is 6733 composite?
False
Is 161729 a composite number?
False
Is 10291 a prime number?
False
Is 582103 composite?
True
Is 171539 a composite number?
False
Is 286373 composite?
True
Is 15163 a composite number?
True
Is 12731 a composite number?
True
Is 35267 composite?
False
Is 54523 a prime number?
False
Is 15947 composite?
True
Is 1571753 a prime number?
False
Is 342037 prime?
True
Is 7819 prime?
False
Is 1923 composite?
True
Is 21453 composite?
True
Is 10821 a composite number?
True
Is 917 a composite number?
True
Is 11647 a composite number?
True
Is 1062335 a composite number?
True
Is 2953 a prime number?
True
Is 217619 a composite number?
False
Is 65257 prime?
True
Is 256501 a composite number?
True
Is 3641 composite?
True
Is 168251 prime?
False
Is 3589 prime?
False
Is 13367 a composite number?
False
Is 5821 a composite number?
False
Is 166909 prime?
True
Is 14503 a prime number?
True
Is 23249 a prime number?
False
Is 100259 a prime number?
False
Is 10831 a composite number?
False
Is 39929 composite?
False
Is 16673 a prime number?
True
Is 355549 composite?
False
Is 293005 composite?
True
Is 3127 prime?
False
Is 474241 prime?
True
Is 52166 composite?
True
Is 29947 a prime number?
True
Is 152519 a composite number?
False
Is 16957 composite?
True
Is 107999 composite?
False
Is 988457 a composite number?
True
Is 15937 a prime number?
True
Is 17087 a composite number?
True
Is 3981 composite?
True
Is 555209 composite?
False
Is 43271 a prime number?
True
Is 32233 prime?
True
Is 6953 composite?
True
Is 22459 a composite number?
True
Is 74963 composite?
True
Is 14051 a composite number?
False
Is 2548561 a composite number?
True
Is 24049 a prime number?
True
Is 67547 prime?
True
Is 533 a composite number?
True
Is 32493 prime?
False
Is 2807 a prime number?
False
Is 52339 a composite number?
True
Is 163783 a composite number?
True
Is 288237 composite?
True
Is 189983 prime?
True
Is 3587 a prime number?
False
Is 4791 prime?
False
Is 12287 composite?
True
Is 765319 a composite number?
False
Is 248813 prime?
True
Is 10055 a composite number?
True
Is 5864221 a prime number?
False
Is 73403 composite?
True
Is 150269 composite?
True
Is 42367 a composite number?
True
Is 991 a prime number?
True
Is 29656